 -h**5/60 - h**4/24 - h**3/6 + 2*h**2 + 81. What is i(f)?
-1
Let b(u) = -6*u**2 + u + 3 - 22*u**3 - 11 + 23*u**3. Let h = -6 + 8. Let s be (6/4)/(h/8). What is b(s)?
-2
Let o(r) = 3*r**3 + r**2 - 3*r - 1. Suppose -22*u = -24*u - 44. Let j be (-2)/((-33)/30 + 1). Let h = u + j. Determine o(h).
-15
Let r(w) be the second derivative of -w**5/5 - w**4/4 - w**3/6 + w**2/2 + w + 12. What is r(-2)?
23
Let v be 172/(-10) + (-2)/(-10). Let a = 12 + v. Let c(w) = -w**2 - 7*w - 3. Calculate c(a).
7
Let i be 6/27 + 86/18. Let y(b) = b**3 - 3*b**2 - 4*b - 2. Determine y(i).
28
Let c(m) = -34512*m + 34514*m - 19 + 2. Calculate c(8).
-1
Let t(m) = m**2 + 5*m - 13. Suppose -49*d + 45*d - a + 3 = 0, -4*d - 12 = 4*a. Give t(d).
1
Let a(h) = -3 + 2749*h - 1375*h - 1375*h. Determine a(1).
-4
Let l(j) = -j**3 - 7*j**2 - 6*j + 3. Let k(t) = -2*t - 16. Let h be k(7). Let w be h/14 - 3/(-21). Let c be w*((-5)/2)/(-1). What is l(c)?
-17
Suppose -6*u - 16 = 2. Let w(f) = -2 + 2*f - 4 - 3 + 5. Calculate w(u).
-10
Let p = 16 - 10. Suppose -3*a + 31 = -2*a - 5*v, 3*a - 4*v = 38. Let x(d) = -a + 61*d**2 - 4*d - 112*d**2 + 52*d**2. Give x(p).
6
Let f(n) = -2*n**2 - 10*n - 3. Let i(j) = -3*j**2 - 11*j - 4. Let x(z) = 4*f(z) - 3*i(z). Give x(7).
0
Let g be (2 - 2)/(1 - 3). Suppose 4*b - 5*y - 23 = g, 3 = -4*b - 4*y - 1. Let i(r) = 11*r - b - 18*r + 9*r. Give i(-5).
-12
Let h(k) = -1 + 82*k - 3*k**2 - k**3 - 1 - 82*k. What is h(-3)?
-2
Let x(s) = s**2 + s + 1. Let w be x(0). Suppose -f + 4*d - 4 = -5, -w = d. Let j(l) = 2*l + 2. Calculate j(f).
-4
Let i(a) = 8*a - 7. Let z(f) = -7*f + 5. Let x(y) = 5*i(y) + 6*z(y). Let c be -11 - (0 + (3 - 6)). What is x(c)?
11
Let w(l) = -17*l**3 - l - 1. Let z be w(-1). Let a(u) = z - 3*u + 2*u + 0*u. Suppose 4*r + 3*c - 38 = 0, r - 5*c + 10*c = 18. Calculate a(r).
9
Let q(h) = h + 2415 - 2440 + 3*h. Determine q(8).
7
Let c(w) = -4*w**2 - 15*w - 31. Let o be 5 + -1 + -1 + 4. Let a(s) = s**2 + 5*s + 10. Let b(p) = o*a(p) + 2*c(p). What is b(7)?
-6
Let a = -26 - -14. Let f be 3/(-2)*a/9. Suppose -n = -f*n + 3. Let y(j) = -j**3 + 2*j**2 + 3*j + 1. Calculate y(n).
1
Let i(r) = r**2 - 31*r - 91. Let k be i(-3). Let o(u) = -u**2 + 10*u + 14. What is o(k)?
3
Let w = -3 - -6. Let r = w - -1. Let s(t) = 5*t**2 - 4*t - 12*t**3 + 6*t**3 - 7*t**3 - 1 + 6*t**3 + 6*t**3. Give s(r).
-1
Let m(g) = -9*g**2 + 0*g**3 + 18*g + 2*g**3 + 3 - g**3 - 13*g - 17*g. Determine m(10).
-17
Let d(s) be the third derivative of -s**5/60 + s**4/6 - 34*s**2 - 3. Let g(p) = p**2 + 5. Let i(f) = -f + 4. Let j be i(4). Let q be g(j). What is d(q)?
-5
Let s(t) = t**3 + 2*t**2 + 2*t. Let l be s(-1). Let u(c) = -11*c**2 + 2*c + 1. Give u(l).
-12
Let x(l) be the third derivative of -l**6/60 - l**5/20 + l**4/12 + l**3/2 + l**2 - 4. What is x(-3)?
24
Let r(m) = -11*m - 7. Let k(y) = -3*y + 1. Let w(a) = -4*k(a) + r(a). Calculate w(8).
-3
Suppose -4*w = 4*k + 8, -8*k = -3*w - 6*k - 11. Let h(g) = g**3 + 5*g**2 + 3*g + 1. Determine h(w).
10
Let i be 1 - ((-26)/(-22) + 4/(-22)). Let s(j) be the first derivative of j**3/3 - 3*j + 1. Give s(i).
-3
Let z = 122 - 118. Let t(p) = -11*p + 4. What is t(z)?
-40
Let w(k) = 2*k**2 + k. Let o be 0/(-4 + (14 - 8)). Calculate w(o).
0
Let d(i) = -i + 2. Suppose 4*t - 21 = t. Suppose 3*u + 4*x - 19 = 0, t*u + 3*x = 4*u + 18. Suppose u*q + 3 = -22. Calculate d(q).
7
Suppose -8 = -s + 2. Let l(p) = -3*p + s*p + 7 - p**2 + 2*p**2. Let w = -5 + 0. Calculate l(w).
-3
Let g(n) be the second derivative of n**3/6 + 3*n**2/2 + 17*n - 2. Suppose -5 = 2*b + 1. Give g(b).
0
Let l be ((-12)/20)/((-1)/(-5)). Let m(i) be the second derivative of i**4/12 + i**3/2 - 2*i**2 + 82*i + 1. Calculate m(l).
-4
Let g = -32 + 34. Suppose 4*r - 8 = -3*o, -o - r + g*r = 2. Let y(n) = -3*n**2 - 3 + 2*n**3 - n**3 - n + 4*n**2. Give y(o).
-3
Let h(i) = -2*i - 1. Let b(a) = -3*a. Let z(s) = 4*b(s) - 5*h(s). Let l(j) = 2*j - 6. Let y be l(3). Suppose y = -q + 6 - 0. What is z(q)?
-7
Let q(v) = 4*v**3 - 8*v**2 + 8*v + 5. Let o(m) = -7*m**3 + 16*m**2 - 15*m - 9. Let i(t) = -3*o(t) - 5*q(t). Calculate i(7).
-12
Let v(a) be the second derivative of -5*a**4/6 + a**2/2 - 3*a - 141. Calculate v(-1).
-9
Let z be (12/10)/(4/30). Let a = 6 - z. Let i(n) = 1 - 1 + 0 + n - 3. Calculate i(a).
-6
Let i(h) = -24*h**3 - 660*h**2 - 9 + 668*h**2 + 23*h**3. Determine i(8).
-9
Let d(u) be the first derivative of -1/2*u**2 + 1/3*u**3 - u - 12. Let p be 1 + 1 + -1 + -2. Give d(p).
1
Suppose 13*c - 14*c + 3*u - 5 = 0, -3*c + 2*u - 15 = 0. Let z(p) be the third derivative of -p**5/60 - p**4/6 + p**3/3 - 4*p**2. Calculate z(c).
-3
Let g be 221/78 + (-1)/(-6). Let a(q) be the third derivative of -q**5/20 + q**4/6 + q**3/6 - 20*q**2. Calculate a(g).
-14
Let s(m) = m**3 - 2*m**2 + 1. Suppose 3*h + 93 - 90 = 0. What is s(h)?
-2
Let r(v) = 2*v + 3 + 0 + 0*v**2 - 4*v**2 + 2*v**2 - 2*v**3. Calculate r(-2).
7
Suppose 3*s + 73 = 6*s + 4*b, -b = -3*s + 53. Let m(r) = -r**3 + 20*r**2 - 17*r - 35. Determine m(s).
3
Let y(n) = 3*n - 2. Let w be y(3). Suppose 3 = 5*k - w. Let j(i) = 4 + 3*i - 2 - i**k - 3*i. Give j(2).
-2
Let u be (-2)/(-4) - (-26)/(-4). Let x(w) = 5*w + 5. Let a = -32 - -22. Let o(b) = -16*b - 14. Let m(y) = a*x(y) - 3*o(y). Calculate m(u).
4
Suppose 2*s - 20 = -5*w, 4*w - 9 = 2*w - s. Let g(z) be the third derivative of 0 - 2*z**w + 7/24*z**4 + 1/60*z**5 + 1/3*z**3 + 0*z. What is g(-6)?
-4
Let f be ((-2)/60*-1)/((-28)/(-35)). Let w(y) be the third derivative of -f*y**4 - 11/6*y**3 + 0*y + 3*y**2 + 0. Calculate w(0).
-11
Let o(g) be the second derivative of -g**6/360 - g**5/24 + 5*g**3/2 - 6*g. Let j(q) be the second derivative of o(q). Calculate j(-4).
4
Let q(v) = 3*v - 23. Let p be (-14)/((-420)/(-18))*-15. Determine q(p).
4
Let l be 10/(-6)*(-12)/10. Suppose 6 = -3*p + 5*p + 4*r, l*r = 0. Let v(f) = -f**3 + 3*f**2 - 3*f + 3. Determine v(p).
-6
Suppose -2*j + 2*z + 8 = 0, 0 = 5*z + 2 + 3. Suppose 4*x - 5*r - 2 + 17 = 0, j*x + r = -16. Let t(u) = -u**3 - 4*u**2 + 7*u + 5. Give t(x).
-5
Let c be (34/8)/((-12)/96). Let z(a) = -a - 31. Give z(c).
3
Let p(o) = -2*o**2 - 4*o + 6. Let k(t) = -3*t**2 - 7*t + 11. Let h(g) = 3*k(g) - 5*p(g). Let q be 20/(-3 + 7) - -1. Suppose -q*n = -n. Give h(n).
3
Let u(l) = -5*l + 8. Let c(a) = 2*a + 1. Let z(q) = -3*c(q) - u(q). Let d(f) = f + 10. Let h(y) = 6*d(y) + 5*z(y). Give h(7).
12
Let k(j) be the first derivative of j**3/3 - 3*j**2/2 - 1. Suppose 0 = -8*b + 3*b + 2*b. Let p = b - -5. Calculate k(p).
10
Let z(j) = j**2 - 8. Let r(t) be the second derivative of -t**3/6 + 3*t**2/2 - 28*t. Suppose -5*i = 25, 2*s + 1 = -3*i - 8. Let f be r(s). Calculate z(f).
-8
Let a(r) be the second derivative of 1/12*r**4 + 1/20*r**5 - 27*r + 1/6*r**3 + 5*r**2 + 0. Calculate a(0).
10
Let q(k) = -8*k + 7. Suppose 149 - 89 = 10*v. What is q(v)?
-41
Let d be 4*(-2 + 2/4). Let f(l) be the first derivative of 11*l + 2 + 1/2*l**2. What is f(d)?
5
Let k be 1020/(-130) - (-144)/(-936). Let n(v) = 0*v**3 - 8*v**2 - v**3 - 2*v - 5 - 5. Determine n(k).
6
Let x(k) = -3*k**3 - 26*k**2 + 21*k + 5. Let m(d) = -d**3 - 8*d**2 + 7*d + 2. Let b(i) = -7*m(i) + 2*x(i). Determine b(-5).
6
Let w(x) be the third derivative of x**4/6 + 7*x**3/3 + 8*x**2 + 3*x. Determine w(-6).
-10
Let g be -3 + 5/((-5)/(-48)). Suppose 7*m - 2*m = g. Suppose m = 2*f + 3. Let z(v) = 2*v - 1. Calculate z(f).
5
Let u(g) = g**3 - 5 + 6*g - 1 + 10*g**2 - 2*g**2. Let x be (45/(-10))/9*0. Suppose 0 = f - 3*w + w + 13, x = 3*f + 4*w + 9. Give u(f).
1
Let l(x) be the second derivative of -x**4/24 - 19*x**3/6 + 2*x**2 + 17*x. Let t(v) be the first derivative of l(v). Calculate t(0).
-19
Let n(b) = -2*b + 1 + 26 + b - 2 - 4. Determine n(9).
12
Let k(j) = j - 8. Let w = 32 - 30. Let l be w - (-2 - 0/5). Determine k(l).
-4
Let m(r) = 2*r**3 + 2*r**2 + 1. Suppose -8*f - 10 = -3*f. Let o be m(f). Let n be 40/o - 8/28. Let w(j) = -j - 14. Determine w(n).
-8
Suppose 7*m - 4648 = -4634. Let v(i) be the third derivative of 0*i + 1/30*i**5 + 1/4*i**4 + 0 + 0*i**3 - 8*i**m. What is v(-4)?
8
Let s(r) = 2 - 4*r + 11*r**3 - 15*r**3 - 83*r**2 + 85*r**2. Determine s(2).
-30
Let f(b) = -2*b**3 - 4*b**2 - 4*b - 3. Suppose -4*p = 3*i + 14, 3*i = 2*i + 5*p + 27. Let s be -6*i*((-20)/24 - -1). What is f(s)?
5
Let w be (3 - 11)*4/(-8). Suppose -12 = -4*x